-260660 + 124?
-260537
In base 12, what is 72060ab - -9?
72060b8
In base 16, what is 175f0e - -1f?
175f2d
In base 6, what is 40410 + 101103?
141513
In base 10, what is 5 + 1000341?
1000346
In base 16, what is 174fccc - -1?
174fccd
In base 4, what is -130210 + -110200?
-301010
In base 13, what is -22758b + 2a7?
-2272b4
In base 4, what is 22323133213 - -11?
22323133230
In base 3, what is 21201222221201 - -12?
21201222221220
In base 13, what is 8 - -6338b05?
6338b10
In base 15, what is 5b + 2ddd5b?
2dddb7
In base 13, what is -18881 - -12b5?
-17599
In base 11, what is 2 - -2916447?
2916449
In base 8, what is -557045 + 162?
-556663
In base 8, what is 4 - -57372767?
57372773
In base 14, what is -c5cc + abb?
-b911
In base 3, what is 11102200 + 122002002?
210111202
In base 11, what is 26930a6 - -10?
2693106
In base 15, what is -6 - 18646c?
-186473
In base 7, what is -2410 - 111462?
-114202
In base 16, what is -27e - -307c?
2dfe
In base 9, what is 738 - 54146?
-53307
In base 9, what is 4 + -2017632?
-2017627
In base 4, what is 101300121201 + -11?
101300121130
In base 7, what is -2453354066 - -4?
-2453354062
In base 16, what is 1 + -395e0d?
-395e0c
In base 16, what is -111 + 174a7?
17396
In base 4, what is 3 - 10113212003?
-10113212000
In base 12, what is 2ba02 + -3671?
28351
In base 5, what is -2143 + 11223033?
11220340
In base 14, what is -8334 - -58?
-82ba
In base 8, what is -2125413 - 12?
-2125425
In base 15, what is 34d5a8 + -6?
34d5a2
In base 2, what is 100110100010011001001 - 11101111?
100110100001111011010
In base 7, what is 12 + 533422144?
533422156
In base 13, what is 936008 - -2?
93600a
In base 5, what is -2204211113 - 24?
-2204211142
In base 7, what is 366453662 + 22?
366454014
In base 9, what is 1436 - 671762?
-670325
In base 10, what is -11 - -2741269?
2741258
In base 9, what is 0 - 413014205?
-413014205
In base 16, what is 163 - -b1c7e?
b1de1
In base 12, what is 74130 + 2?
74132
In base 10, what is 5 + 56055?
56060
In base 12, what is -20050 + 9a?
-1bb72
In base 5, what is -34420213 + 11003?
-34404210
In base 15, what is 36 + -4353c4?
-43538d
In base 15, what is 6 - 152e44?
-152e3d
In base 5, what is -2420 - -14033143?
14030223
In base 8, what is -4 - 1520501436?
-1520501442
In base 3, what is 1010211122 + 1202212?
1012121111
In base 15, what is 2374ae6 + -17?
2374ace
In base 5, what is -11413130034 + -21?
-11413130110
In base 13, what is 36426 + -25?
36401
In base 15, what is 2a3a219 - -3?
2a3a21c
In base 10, what is 14339 - -8?
14347
In base 13, what is -1901 + -65746?
-67347
In base 11, what is -80 - 265241?
-265311
In base 11, what is -7 - -4741a6?
47419a
In base 5, what is 3112 - 1400031?
-1341414
In base 6, what is -3 - -1335420111?
1335420104
In base 13, what is 3b + 2b106a?
2b10a8
In base 10, what is -2324903 + -157?
-2325060
In base 10, what is 3103 + -89?
3014
In base 11, what is 2031 + 81606?
83637
In base 8, what is 2 - -413657?
413661
In base 7, what is -4 + -5243254504?
-5243254511
In base 8, what is -1076527 - -300?
-1076227
In base 4, what is -300 - 20303110300?
-20303111200
In base 5, what is -2 - 1014331400?
-1014331402
In base 6, what is -534044 + -1255?
-535343
In base 2, what is 1100100110 - 10011111000110101?
-10011101100001111
In base 9, what is -341 - -35728?
35377
In base 5, what is -11103 - -334441?
323333
In base 7, what is 4624143 - 20?
4624123
In base 10, what is -2257319 + -12?
-2257331
In base 15, what is 4 + -575ea63?
-575ea5e
In base 6, what is 51212152 - 12?
51212140
In base 5, what is -111141214144 + 4?
-111141214140
In base 3, what is -2011012011002 - -22?
-2011012010210
In base 2, what is -1001101001100000001111010 + 1?
-1001101001100000001111001
In base 12, what is 2 - -b20473?
b20475
In base 10, what is -80453 - 701?
-81154
In base 12, what is -13660 - 390?
-13a30
In base 3, what is 1 + 100120001002221?
100120001002222
In base 14, what is 106b37 + 10?
106b47
In base 11, what is 203 - -134941?
135044
In base 8, what is -3 + -1141675045?
-1141675050
In base 6, what is 1543312552 - 0?
1543312552
In base 13, what is c632 + -a033?
25cc
In base 4, what is 31120 + 303221220?
303313000
In base 13, what is -20b - b2c4c?
-b315a
In base 3, what is -212002 + -201110112202?
-201111101211
In base 15, what is 196d6d - -54?
196dc2
In base 13, what is 597ac0 - 1c?
597aa1
In base 3, what is -1010 + -1110020100?
-1110021110
In base 11, what is -a631812 + -1?
-a631813
In base 16, what is 8c16e - -d2?
8c240
In base 15, what is -81 - -89ceb?
89c6a
In base 11, what is -167 - -6562?
63a6
In base 11, what is 1543a - -28a?
15719
In base 4, what is 31 - -2100231231?
2100231322
In base 16, what is -1bb6 + dc?
-1ada
In base 14, what is 1124803 + 2?
1124805
In base 14, what is -d1a3 - -584?
-ca1d
In base 15, what is 3 - c2764?
-c2761
In base 2, what is -101010010011 - 10001000000000001?
-10001101010010100
In base 6, what is -104 + 135201332?
135201224
In base 3, what is 1121222020012 - 2120?
1121222010122
In base 15, what is 26 - -22a4513?
22a4539
In base 4, what is -11 + 10311132030?
10311132013
In base 12, what is -29b45 - 48a?
-2a413
In base 15, what is 203802 - 2?
203800
In base 2, what is -1000110100111011011110000011 + 0?
-1000110100111011011110000011
In base 3, what is 10112 + -100111112200?
-100111102011
In base 6, what is -241320134 - 10?
-241320144
In base 2, what is 1001111 + -1111010101100111?
-1111010100011000
In base 9, what is 1822742 - 14?
1822727
In base 8, what is 7 - -126361627?
126361636
In base 13, what is 48 + 180b?
1856
In base 5, what is -21 - -24010234?
24010213
In base 2, what is -11100011100010 - 11111010000?
-100000010110010
In base 8, what is -2207 - 1766?
-4175
In base 16, what is -5202819 - 1?
-520281a
In base 8, what is 6077361 - -61?
6077442
In base 6, what is -11521 - 24225?
-40150
In base 2, what is 11000001000010101100100 + -1111?
11000001000010101010101
In base 8, what is -1 + -3302704?
-3302705
In base 6, what is -3 - 4014151?
-4014154
In base 7, what is -10063 + -12435?
-22531
In base 11, what is -35a + 755?
3a6
In base 9, what is -5720 + 1168?
-4541
In base 12, what is -361ba - -8b6?
-35504
In base 2, what is -11 + 110111100100111101100110?
110111100100111101100011
In base 10, what is -194 + 1460216?
1460022
In base 5, what is -232443142 - -243?
-232442344
In base 4, what is -11 - -1131102301310?
1131102301233
In base 5, what is 1443102123214 - 10?
1443102123204
In base 4, what is 23121031222 - -30?
23121031312
In base 4, what is -11 + 30213131312330?
30213131312313
In base 8, what is -24327225 - -5?
-24327220
In base 4, what is -20 - 212023002102?
-212023002122
In base 4, what is 0 + -11101123223?
-11101123223
In base 16, what is -44b0639b + -5?
-44b063a0
In base 3, what is -12 + -2021200101102?
-2021200101121
In base 14, what is 5 - 5c17537?
-5c17532
In base 2, what is -10111100010101111110 + 11011?
-10111100010101100011
In base 10, what is -1101 - 1145?
-2246
In base 11, what is 8709083 - -5?
8709088
In base 7, what is -1430 - -1101004?
1066244
In base 15, what is -4 - -29418?
29414
In base 11, what is -14990a452 - -2?
-14990a450
In base 4, what is 11322 + 2210312?
2222300
In base 3, what is -2100102221000 + -100?
-2100102221100
In base 7, what is 1112461256 + 5?
1112461264
In base 7, what is -325451 + 5224?
-320224
In base 15, what is 572 + 3de?
961
In base 2, what is 11101011111101000 - 11101011?
11101011011111101
In base 3, what is -20102012010122 + -2?
-20102012010201
In base 8, what is 1553 - 405416?
-403643
In base 8, what is -26665 - 362?
-27247
In base 13, what is -224a - b12?
-305c
In base 10, what is -5 + -3749623?
-3749628
In base 16, what is 7 - -49cd2b?
49cd32
In base 15, what is -1b - -3851268?
385124c
In base 10, what is -207090 + 16?
-207074
In base 6, what is 30305 - 22110?
4155
In base 11, what is 22 - 25895?
-25873
In base 2, what is -1111010011101 + -100110110111011?
-110110001011000
In base 8, what is 15 + -3103522?
-3103505
In base 11, what is -171152 + 121?
-171031
In base 2, what is -10111101100001110110000 - -11110?
-10111101100001110010010
In base 6, what is 2 + -5130204533?
-5130204531
In base 16, what is -2ba7 + -9a?
-2c41
In base 14, what is -606 - -635b7?
62db1
In base 16, what is -20 + 399dcc?
399dac
In base 5, what is -440 - -22443412?
22442422
In bas